 101908 and 42632.
292
Calculate the greatest common divisor of 53537230 and 470.
470
Calculate the highest common factor of 159978 and 363.
3
What is the highest common divisor of 165 and 15888675?
165
What is the greatest common divisor of 71 and 19886887?
71
Calculate the highest common factor of 208 and 430928.
16
Calculate the highest common divisor of 31544 and 135461765.
3943
What is the highest common divisor of 13144 and 36061624?
424
What is the greatest common divisor of 3692461 and 7028?
251
What is the greatest common divisor of 3465 and 3726415?
385
Calculate the greatest common divisor of 22133235 and 41.
41
What is the highest common factor of 1438617 and 19809?
93
Calculate the highest common factor of 1870 and 27686285.
935
Calculate the greatest common divisor of 528627 and 1245.
249
Calculate the greatest common factor of 1630578 and 174474.
2154
Calculate the greatest common divisor of 94536 and 320877.
909
Calculate the highest common divisor of 16173396 and 36.
36
What is the greatest common factor of 5715861 and 380757?
2253
Calculate the highest common factor of 353515728 and 32.
16
What is the greatest common factor of 21120 and 5480310?
330
Calculate the greatest common divisor of 3574445 and 120085.
2555
Calculate the greatest common divisor of 15870 and 50.
10
What is the greatest common divisor of 36977 and 5582091?
359
What is the highest common divisor of 829681 and 23?
1
Calculate the greatest common divisor of 4947759 and 36.
9
What is the highest common divisor of 24402790 and 19610?
530
What is the greatest common factor of 2206339 and 76499?
337
What is the highest common divisor of 44 and 43885116?
44
Calculate the greatest common divisor of 1556523 and 297.
27
Calculate the greatest common factor of 118641 and 1299939.
213
What is the greatest common divisor of 30424290 and 16471?
2353
What is the greatest common factor of 101760 and 14010?
30
Calculate the highest common factor of 2229 and 7904777.
743
Calculate the greatest common divisor of 55065594 and 30.
6
Calculate the highest common factor of 11122023 and 33.
33
Calculate the highest common divisor of 81849838 and 28.
14
Calculate the highest common factor of 77 and 47185.
1
Calculate the highest common divisor of 242605452 and 456.
228
What is the greatest common divisor of 216 and 1060630632?
216
Calculate the highest common factor of 546 and 15046304.
182
Calculate the highest common divisor of 654257318 and 858.
286
Calculate the highest common divisor of 14014 and 26650806.
1274
Calculate the highest common factor of 1950540 and 61560.
1140
Calculate the greatest common factor of 857734 and 8954.
74
What is the greatest common factor of 1542166 and 126210?
1202
Calculate the highest common factor of 455371378 and 2165.
433
What is the greatest common factor of 224 and 145881568?
224
What is the greatest common factor of 630 and 10977176?
14
What is the greatest common factor of 1097710 and 670?
10
What is the highest common factor of 2142 and 17196843?
51
Calculate the greatest common factor of 123439367 and 3197.
3197
What is the highest common factor of 1784 and 32780108?
892
Calculate the greatest common divisor of 115707670 and 86048.
5378
What is the highest common factor of 4180 and 78170180?
4180
Calculate the highest common factor of 368771 and 6175.
247
What is the greatest common divisor of 159 and 52716927?
159
What is the greatest common divisor of 1215063 and 81?
9
What is the greatest common factor of 46528 and 245312?
64
What is the greatest common factor of 6772506 and 34814?
338
What is the highest common factor of 2137782 and 16980?
1698
Calculate the highest common divisor of 693 and 46432848.
231
What is the highest common divisor of 1892 and 1292632?
44
Calculate the greatest common factor of 50790735 and 366.
183
What is the highest common factor of 7758 and 78545871?
3879
What is the highest common factor of 1526 and 482398?
14
Calculate the highest common factor of 133239058 and 38.
38
Calculate the greatest common factor of 2383 and 554867252.
2383
Calculate the highest common factor of 71968106 and 19431.
2159
Calculate the greatest common factor of 688 and 2771479.
43
Calculate the highest common divisor of 25279 and 2999279.
1487
Calculate the greatest common divisor of 10321 and 1974541473.
10321
Calculate the highest common divisor of 1108 and 58792142.
554
Calculate the greatest common factor of 2594488 and 304.
152
What is the highest common factor of 5488 and 572555494?
686
What is the greatest common divisor of 178633 and 55939?
169
Calculate the greatest common factor of 43254 and 59607.
9
What is the highest common divisor of 178772 and 1195612?
44
What is the greatest common factor of 3825 and 1099125?
225
What is the highest common factor of 12264 and 564582?
438
What is the highest common factor of 9653484 and 102384?
948
Calculate the greatest common factor of 40 and 290625.
5
Calculate the greatest common divisor of 4622314 and 27333.
3037
Calculate the highest common factor of 890180 and 46765.
235
What is the highest common divisor of 456291 and 528?
33
Calculate the highest common divisor of 63281155 and 35.
35
What is the highest common factor of 175 and 4024755?
35
What is the greatest common factor of 5604684 and 372?
12
What is the highest common factor of 413974578 and 2757?
2757
Calculate the greatest common divisor of 766 and 50540.
2
What is the highest common factor of 501 and 2204400?
501
What is the highest common divisor of 7473 and 9211953?
141
Calculate the greatest common divisor of 791 and 147467825.
113
Calculate the greatest common divisor of 272565020 and 4340.
4340
Calculate the greatest common factor of 42301 and 10976.
7
What is the highest common divisor of 24049516 and 551?
19
Calculate the highest common factor of 731853052 and 1424.
356
What is the highest common divisor of 5811 and 988?
13
What is the greatest common factor of 23730249 and 17?
17
Calculate the highest common factor of 319103 and 4694869.
1763
What is the greatest common factor of 114740032 and 4886?
698
What is the highest common divisor of 80360 and 435666?
574
Calculate the highest common divisor of 2403191 and 14.
7
Calculate the highest common divisor of 4213142 and 110836.
458
Calculate the highest common divisor of 76019 and 51432855.
4001
Calculate the highest common factor of 58296609 and 13419.
4473
Calculate the greatest common factor of 150548 and 40.
4
What is the highest common divisor of 75603 and 539491?
79
Calculate the greatest common factor of 243680 and 9920.
160
Calculate the greatest common factor of 2069280 and 39015.
135
What is the highest common divisor of 69984285 and 6440?
805
Calculate the highest common factor of 5357 and 516351.
11
What is the highest common divisor of 48960 and 24210?
90
Calculate the greatest common factor of 10373565 and 694.
347
What is the highest common factor of 873 and 610809?
291
What is the greatest common factor of 19061658 and 11?
11
Calculate the highest common divisor of 7164 and 1242396.
36
What is the highest common factor of 157104882 and 12540?
1254
What is the highest common factor of 1183238 and 50786?
758
What is the highest common factor of 154 and 412303276?
154
What is the highest common divisor of 2358013 and 183887?
229
What is the highest common divisor of 6740 and 160779330?
3370
Calculate the greatest common divisor of 10409 and 8168091.
1487
Calculate the greatest common factor of 105347 and 662948.
671
Calculate the highest common divisor of 24 and 28690716.
12
What is the highest common factor of 2415 and 10455087?
69
Calculate the greatest common factor of 799074 and 964080.
1854
Calculate the greatest common divisor of 39 and 60831732.
39
Calculate the highest common factor of 3568 and 19446492.
892
What is the highest common factor of 550 and 965950?
50
Calculate the highest common divisor of 17836 and 29987412.
2548
What is the greatest common divisor of 50 and 74983400?
50
What is the highest common divisor of 16066484 and 5264?
28
What is the highest common factor of 2625650 and 4250?
850
Calculate the highest common divisor of 42889 and 3528.
7
What is the greatest common divisor of 517533 and 1884192?
3099
Calculate